*o, 0 = -4*o + 3*s + 535. Is o a multiple of 88?
False
Let s(h) = 6*h - 2. Let y(c) = -3*c + 1. Let k(g) = 2*s(g) + 5*y(g). Is k(-17) a multiple of 13?
True
Is 13 a factor of 316/2 - (1 + 6)?
False
Suppose 5*q - 44 = 6*s - 5*s, s = 3*q - 28. Does 10 divide 2/q + 3069/44?
True
Let k(h) = -2*h + 4*h**2 - h + 8*h**2. Suppose 3*g - 2*g + 4*b = 22, 4*g + 4*b - 28 = 0. Is k(g) a multiple of 13?
False
Let n = 51 - 23. Suppose 2*z = -z + r + n, -4*r + 16 = 4*z. Let g(o) = 2*o - 7. Does 9 divide g(z)?
True
Let g(p) = -2 + 21*p**2 - 4 - 108*p + 113*p. Is 8 a factor of g(2)?
True
Let c be (-1307)/(-9) + (-7)/(378/12). Let p = -31 + c. Is p a multiple of 40?
False
Let l = -11 + 9. Let p be -6*25/(-15)*1. Is 9 a factor of (p - l) + 6/(-2)?
True
Suppose -8*h + 34*h = 34060. Is 5 a factor of h?
True
Suppose 2*c + 2*a + 78 = -42, 0 = 2*c - 4*a + 120. Let i be (12/(-5))/((-18)/c). Is 210/3*i/(-10) a multiple of 14?
True
Let h be 14/3 + (-6)/9. Suppose 3*n = -o + 2*n + 69, -4*o + 251 = -n. Suppose 3*m = o - h. Is 20 a factor of m?
True
Suppose -g - 2*g + o = -4, 0 = -g + 2*o + 8. Let z(x) = -4*x + 14. Let f be z(g). Suppose 56 - f = 3*t. Is 13 a factor of t?
False
Let g(c) = 2*c**3 - 2*c**2 + 1. Let f(s) = s**3 - 4*s**2 - 5*s + 1. Let h be f(5). Let z be g(h). Is 14*2/(4/z) a multiple of 6?
False
Does 28 divide 0 + 6 + (5226 - -58)?
False
Suppose 4*p - 7*p = -5*t + 49, 2*p + 31 = 3*t. Let n be (-54)/4*(-8)/(-6). Let z = p - n. Is 5 a factor of z?
True
Let x = 1220 - 812. Is x a multiple of 24?
True
Suppose -4*g = w - 976, -8*g + 12*g - 2936 = -3*w. Is 14 a factor of w?
True
Suppose 2*j - 5*a - 95 - 11 = 0, -184 = -4*j - 4*a. Suppose -3*w = w + j. Is 8 a factor of ((3 - 4) + w)*-1?
False
Let f = 1038 + -33. Is f a multiple of 17?
False
Suppose 30 = 3*z + 3. Suppose z*a = a + 320. Does 7 divide a?
False
Let m(n) be the third derivative of -7*n**2 + 0*n - 1/3*n**4 + 0 - 13/6*n**3. Does 18 divide m(-10)?
False
Let z = -32 - -34. Suppose -z*m + 40 = -0*m. Does 10 divide m?
True
Suppose 0 = -k + 3*k - 4. Let m be 3 + -1 - (88 + k). Let a = 125 + m. Does 12 divide a?
False
Let n be 268/2*1/2. Suppose -3*h - 2*t + n = -0*h, 3*t = -3. Does 15 divide h?
False
Suppose -2*t = t + 2*n - 861, -2*n = 0. Suppose -t = -3*b + 5*w, -4*b - 13 = w - 365. Is 21 a factor of b?
False
Let g = -1933 + 3060. Is 31 a factor of g?
False
Is 106/1007 - 8280/(-38) a multiple of 6?
False
Let u be (2 + (-97)/2)/((-6)/(-12)). Let c = -116 + -77. Let q = u - c. Is 20 a factor of q?
True
Suppose -22*o = -165 - 1463. Is 3 a factor of o?
False
Suppose 489 = 3*l - 2*l - 4*d, -d + 1 = 0. Is 17 a factor of l?
True
Let q = 52 - 5. Is 7 a factor of q?
False
Let l(o) = o**2 - 2*o - 4. Let h be l(-4). Is 12 a factor of ((-35)/(-10) + 0)*h?
False
Let n be (-1)/6 - ((-48126)/36)/(-13). Let d be -1 + (150 - (-1 + -1)). Let i = n + d. Is 28 a factor of i?
False
Suppose -3 = -2*w + 1. Let g be (w + 20)/(3/(-12)). Does 10 divide (-896)/g - (-2)/(-11)?
True
Let k = 3444 + -1958. Does 68 divide k?
False
Let p be (-2)/(-2) + 4 - -159. Let g = p - -95. Is g a multiple of 22?
False
Suppose -34 = -4*t - 0*u + 3*u, 0 = t + u - 5. Let o be (-14908)/t - 14/49. Is 17 a factor of o/(-42) - (-6)/21?
True
Let d = 375 - 117. Does 3 divide d?
True
Let t(w) = -605*w - 65. Is 30 a factor of t(-1)?
True
Does 13 divide 4928/(-110)*50/(-4)?
False
Let n(q) = q**3 - q + 2. Let c be n(0). Suppose -3*x - 3*i - 149 = -41, 159 = -5*x + c*i. Let p = -26 - x. Is p a multiple of 3?
False
Suppose 0 = 3*c + 5*m - 27, m - 4*m - 11 = -5*c. Suppose -c*b = -9*b + 280. Is b a multiple of 14?
True
Let f be (-161)/28 - -6 - (-3638)/8. Suppose 0 = 4*b - 3*t - 360, -2*b + 5*t + f = 3*b. Is b a multiple of 29?
True
Let m(v) = 157*v**2 + 7*v + 18. Let o be m(-3). Suppose 7*u - o = u. Does 47 divide u?
True
Let h(w) = -w**3 + 8*w**2 + 9*w - 6. Let q be h(9). Let v be 2/(3/(1 - -8)). Is (q/4)/(v/(-28)) a multiple of 3?
False
Let k(y) = y**2 + 14*y - 40. Let o(t) = -2*t**2 - 29*t + 80. Let w(m) = 13*k(m) + 6*o(m). Does 5 divide w(-14)?
False
Let g = 1995 + 158. Is g a multiple of 16?
False
Suppose 0 = -2*f - 2*f + 16. Suppose 0 = 3*m - 3, -f*m - 250 = 3*j - 5*j. Does 28 divide j?
False
Let c be ((8 - 8)/6)/(1 - -1). Suppose 131*n - 135*n + 460 = c. Does 23 divide n?
True
Let s(l) be the third derivative of -l**4/12 - 13*l**3/6 - 12*l**2. Does 8 divide s(-12)?
False
Suppose -5*z + z = 0. Suppose z = 2*s - 3*w - 7, -5*s - 3*w + 27 = -22. Suppose 2 = -h + s. Is 2 a factor of h?
True
Let o(d) = -6*d + 7. Let c be o(-9). Let m = c - 42. Is 17 a factor of m?
False
Suppose 8607 = -6*t + 15099. Is t a multiple of 46?
False
Let p(o) = 8*o**2 + 9*o + 8. Let m be p(-5). Suppose -m = 2*v - 603. Is 10 a factor of v?
True
Suppose 0 = u + 3*u. Let b(f) = f + 1. Let j be b(3). Suppose -j*a + 5 + 139 = u. Is 19 a factor of a?
False
Let t be (4/1)/(2/20). Let n = 54 + -27. Suppose -n - t = -k. Is 18 a factor of k?
False
Let t(k) = 2*k + 9. Let i be t(-3). Suppose 4*m = -2*c + 274, i*m - 5*c + 35 - 208 = 0. Let x = m - 27. Is 15 a factor of x?
False
Let a = -42 - -13. Let m = 29 + a. Suppose m = -i + 26 + 6. Is 6 a factor of i?
False
Let x = 3 + 0. Suppose -201 = -4*p + 2*s - s, 0 = x*p - 4*s - 141. Suppose p + 39 = 3*n. Does 5 divide n?
True
Let m(b) be the first derivative of 11*b**2/2 + 10*b + 4. Let i be m(9). Let h = -60 + i. Is 7 a factor of h?
True
Let p(f) = f**2 - 5*f - 14. Let q(j) = -2*j**2 - 2. Let n(h) = -2*h**2 - 2. Let a(w) = 3*n(w) - 4*q(w). Let m be a(-2). Is p(m) a multiple of 18?
True
Suppose -38*o + 9*o + 16530 = 0. Is 6 a factor of o?
True
Let k(u) = 2*u**2 - 2*u - 3. Let a(x) = 2*x**2 - 3*x - 3. Let z(m) = -6*a(m) + 7*k(m). Is z(-7) a multiple of 12?
False
Let n = 60 - 55. Is 4 a factor of 3*n/(75/155)?
False
Let r(u) = 473*u - 253. Does 32 divide r(12)?
False
Let j be 0 + 1/(-1) - 4. Let s be 6/j - 7/(-35). Does 5 divide -1 + 22 + -3 + s?
False
Is 2746/1 + (40 - 32) a multiple of 96?
False
Suppose 0 = -i - i - 38. Let y = 43 + i. Suppose o + 6 - y = 0. Does 18 divide o?
True
Let y = -1597 - -1711. Does 2 divide y?
True
Let t be ((-14)/4)/((-10)/(-340)). Is (-14)/t - 525/(-17) even?
False
Let x(h) = h**3 - 23*h**2 + 22*h + 2. Let f be x(22). Suppose -3*a = -f*y + 7 - 2, 2*a = -y + 13. Is 4 a factor of y?
False
Let b be (24/(-36))/((-4)/1746). Suppose -4*k + 185 = -b. Let t = k + -68. Is 13 a factor of t?
False
Let g be (-4)/4 - (11 + -1). Is (-86 - 1)/(11/g) a multiple of 15?
False
Let w = 7191 - 3534. Does 159 divide w?
True
Suppose 22 = 2*g + 16. Suppose 3 + 9 = g*j. Suppose 2*r - j*r + 26 = 0. Does 3 divide r?
False
Let r be -27*(-1 - 6/(-9)). Let b(w) = 2*w - 13. Let h be b(r). Suppose -h*l + 53 = -17. Does 4 divide l?
False
Let f(g) = -48*g + 7. Let h be f(-5). Suppose -107 + 16 = -b. Suppose -2*c + d = -h, 3*d - b = -2*c + 152. Does 37 divide c?
False
Suppose -5*k + 31 = -6*i + 3*i, -3 = -i - k. Let l(g) = g + 5. Let p be l(i). Suppose 4*s + 52 = p*m, -2*s - s - 12 = 0. Is m a multiple of 6?
True
Suppose 7 = r - 28. Suppose -70 = -l + r. Does 14 divide l?
False
Let k be (-2 + 1)*(-6 + -1). Let b(o) = -1 - o**3 + 18*o**2 - 1 - 10*o + 0*o**3 - 9*o**2. Does 10 divide b(k)?
False
Let f(k) = 22*k - 153. Does 8 divide f(26)?
False
Suppose -419 = -18*k + 7303. Suppose 6*r - 51 - k = 0. Is r a multiple of 22?
False
Let a(b) = -b**3 + 12*b**2 + 12*b + 13. Does 44 divide a(11)?
False
Is -2 + 3 + 111/1 a multiple of 16?
True
Suppose 0 = -74*z + 12*z + 133052. Is 56 a factor of z?
False
Let p(r) = 12*r**2 + 9*r + 452. Does 56 divide p(-19)?
False
Suppose -2 = p - 2*p + 2*o, o = -3*p - 1. Suppose p = 4*s - 12, s + 2*s - 157 = -x. Is 37 a factor of x?
True
Suppose -34*q = -43*q + 810. Is 6 a factor of q?
True
Let t = -744 - -861. Is t a multiple of 13?
True
Is 29 a factor of (-3)/((-12)/(-7250))*-2?
True
Suppose g - 12 = -5*g. Does 6 divide 8*g/(-4) + 28?
True
Let l = -2 - -2. Suppose i + p + 2 = l, 0 = -i + p + p + 4. Suppose -6*j + j + 240 = i. Does 16 divide j?
True
Suppose -11*f = -22085 - 1906. Is f a multiple of 14?
False
Suppose -8*b - 3 = -19. Suppose b*k - 366 = -k. Is k a multiple of 40?
False
Let w(q) = -7*q + 17. Let m(o) = -7*o + 18. Let v(h) = h**3 + 5*h**2 + 6*h + 4. Let u be v(-4). Let z(t) = u*w(t) + 3*m(t). Does 14 divide z(6)?
True
Suppo